).
6
Let a(w) = w + 14. Let l = -18380 + 18399. Calculate a(l).
33
Let x(d) = 2*d + 27*d**2 - d**3 - 39*d**2 + 13*d**2. Suppose 5*t + 16 = -3*i + 5, 0 = -2*i + t + 10. Determine x(i).
-12
Let d(a) = -3*a**2 + 355*a + 10085. Let h be d(142). Let q(o) be the second derivative of 0 + 2*o**2 + o - 1/3*o**3. Calculate q(h).
-2
Let p be (154/91)/(-11) - ((-320)/52 + 4). Let o(q) be the first derivative of -7*q**3/3 + q**2/2 - 7. Determine o(p).
-26
Let l(z) = -3*z + 4*z - 6*z**2 + 5*z - 5 + z**3. Suppose -h - 179 = 3*q, 3*q = 3*h - h + 331. Let k be (-2)/3 - h/30. Give l(k).
0
Let h = 620 - 642. Let w(r) = -r - 74. What is w(h)?
-52
Let c(n) = 2*n - n - 5*n. Let s = 147226 - 147229. Give c(s).
12
Let a(t) be the first derivative of -t**3/2 + 59*t - 50. Let d(c) be the first derivative of a(c). What is d(-1)?
3
Suppose 46 = -4*v + 5*r, 44*v + 49 = 39*v + 2*r. Let d(f) = f**3 + 8*f**2 - 10*f - 15. Calculate d(v).
-6
Let t = -4578 - -4540. Let j(f) = -2*f**2 + f + 2. Let u be j(-4). Let k = u - t. Let l(i) = i - 1. Determine l(k).
3
Let z = 1 + -4. Let t(i) = -i - 1. Let r be t(z). Let x(n) be the second derivative of n**5/20 - n**4/4 + n**3/2 - 3*n**2/2 + 23*n - 2. Give x(r).
-1
Let o(b) = b**2 - 4*b + 10. Let k be o(0). Let j(r) = -k + r + 5 - 31*r**2 + 30*r**2. Give j(0).
-5
Let f = 23 - 19. Suppose -j + 15 = f*j. Let c(g) = 4 - j*g - 5*g + 7*g. Determine c(5).
-1
Let y(j) = -11*j + 8. Let g(q) = 19*q - 15. Let v(a) = -6*g(a) - 11*y(a). What is v(-6)?
-40
Let r(z) be the third derivative of -1/15*z**5 + 0 + 0*z**4 + 3*z**2 + 0*z + 0*z**3. Determine r(-1).
-4
Let j(c) be the third derivative of c**5/60 + c**4/4 - 19*c**3/6 - 2666*c**2. Determine j(8).
93
Let f(m) = -46 - 582936*m + 5*m**2 + 1165629*m - 582887*m. What is f(39)?
-7
Let z = -10627 - -10638. Let n(b) = -38*b + 413. Give n(z).
-5
Suppose -15 = -44*z + 29. Let d be (9 - -5)*z/4*-2. Let u(m) = -m**2 - 10*m - 5. What is u(d)?
16
Let r(p) = -15*p + 2. Let v be r(1). Let m be (8/3)/(-2)*(v + 16). Let n(a) = a**3 + 3*a**2 - 4*a + 2. Determine n(m).
2
Suppose 45*l + 5 + 3 + 37 = 0. Let w(c) = 18*c**2. Determine w(l).
18
Let v(n) be the second derivative of n**4/3 + 5*n**3/6 + 183*n**2/2 - 47*n - 1. Let s(l) be the first derivative of v(l). Give s(4).
37
Let l = -1925 + 1930. Let k(x) = -11*x - 2. Give k(l).
-57
Let l = 261 + -259. Let t(z) = -z**3 - 2*z**2 + z. Let n(a) = 3*a**3 + 4*a**2 - a - 1. Let h(y) = 2*n(y) + 5*t(y). Calculate h(l).
4
Let a(i) be the first derivative of i**5/120 + i**4/6 + 10*i**3 - i - 64. Let t(x) be the third derivative of a(x). What is t(-9)?
-5
Suppose -15*h + 12*h + 45 = 0. Suppose 0 = -5*b - 15 + h. Let f(d) = -3*d + 1 + b*d - 4 - 2. Give f(-4).
7
Let a be 6*-1*(-6)/18. Let g(k) = 6 - 2*k + 0*k + k**a - 3 + 9*k. Let u(p) = 9*p + 29. Let m be u(-4). Give g(m).
3
Let o = -844 + 847. Let p(s) = -30*s + 85. What is p(o)?
-5
Let c be 2 - -1 - (-7)/1. Let l be -32 + ((-2)/c - 36/20). Let b = l + 36. Let r(y) = -y**3 + 3*y**2 - 2*y. Give r(b).
0
Let b(l) be the second derivative of l**4/24 + l**3/6 + 21*l**2/2 - 62*l. Let a(n) be the first derivative of b(n). Calculate a(-5).
-4
Let z(w) be the second derivative of -w**4/24 - w**3/2 + 31*w**2/2 + 8*w. Let q(a) be the first derivative of z(a). Let p = 11 + -8. Calculate q(p).
-6
Let u be 100/(-6) - (-39)/(-117). Let r(w) = 2*w**2 + 31*w - 62. Let n be r(u). Let s(y) = -3*y - 26. Determine s(n).
7
Suppose 54 = 11*w - 5*w. Let s(i) = 4*i - i**3 - 14 + 3 + w - 4*i**2. Determine s(2).
-18
Let u(t) be the second derivative of t**5/10 - 17*t**4/12 - 3*t**3/2 + 2*t**2 + 2*t - 287. Give u(9).
4
Let u(y) be the first derivative of -y**3/3 - 5*y**2 - 2*y + 2425. Calculate u(-7).
19
Let n(j) be the first derivative of j**4/4 + 5*j**3/3 - 13*j**2 - 9*j - 19. Let u = 182 + -190. Calculate n(u).
7
Let m(p) = -3*p**2 + 8*p - 43. Let v be m(5). Let f = 77 + v. Let u(h) = 3*h**2 - 1. Calculate u(f).
2
Let c(n) = -3*n**3 - 2*n**2 - n - 2. Suppose 477 - 472 = 5*m. Suppose 2*l + 3*y = -m, 4*l = -17*y + 15*y - 6. Give c(l).
16
Let p(x) = -2*x - 5. Let u be (-2 - -3) + (15 - 13). Suppose 5*c + 0*c + 5 = 0, 5*w - u*c + 27 = 0. Give p(w).
7
Let d(m) be the first derivative of 8*m**2 + 106*m - 1444. Calculate d(-7).
-6
Let z(h) = h**3 + h + 16. Suppose -2*u - 8 = -6*u. Suppose -u*n = -0*n - 8. Let f be n*4/32*0. Give z(f).
16
Suppose -2*c - 176 = 2*q - 152, 2*c = -12. Let y(l) = -7*l**2 - 8*l - 9. Let w(u) = -4*u**2 - 4*u - 5. Let x(o) = -5*w(o) + 3*y(o). Calculate x(q).
-14
Suppose -n + 8 - 3 = 2*p, -2*p - 7 = 5*n. Let t(q) = q**2 - 3*q - 9. Let a be t(p). Let x(l) = l**3 + 4*l**2 - 4*l - 2. What is x(a)?
-7
Let h(m) = 4952 - 9866 - m**3 - 3*m + 4942. What is h(0)?
28
Suppose 0 = 10*x - 12*x - 26*x + 476. Let p(w) = w. Give p(x).
17
Let p(w) be the third derivative of w**6/120 + w**5/60 - 19*w**4/24 - 4*w**3/3 - 2069*w**2. Give p(4).
-4
Let a be 43*(3 - 4 - -2). Let x = a + -34. Let o be x/((-9)/(-3)) - -4. Let d(n) = n**2 - 5*n - 2. What is d(o)?
12
Let y = -58 - -63. Suppose -4*x = -0*o - 4*o + 28, -3*x = -y*o + 25. Let m(r) = r**3 - 2*r - o + 6 - 1. Determine m(2).
7
Suppose -5*x - 9 = 3*p, 4*x = 386 - 422. Let s(c) be the first derivative of 4*c + p - 1/2*c**2. Calculate s(-3).
7
Let q(s) = -5*s + 2. Let c = 3823 - 3819. What is q(c)?
-18
Suppose v = -2*v - 9. Suppose 3*y - 5 = -5*f, -4*f - 2 = 4*y - 6. Let x = y - v. Let z(m) = -m**2 - 3*m + 3. Calculate z(x).
-15
Let s(h) = -2*h - 14. Let w be s(-4). Let g(b) be the third derivative of 0 - 3*b**2 + 1/24*b**4 + 0*b + 13/6*b**3. Calculate g(w).
7
Let p be 21*(195/(-2145) - (-56)/132). Let n(o) = -11*o - 15. Let m(x) = 5*x + 7. Let j(y) = -13*m(y) - 6*n(y). Determine j(p).
6
Let v(l) = 2*l**3 - 2*l**2 + 3*l - 2. Suppose 2*k - k + 18 = 0. Let s = -14 - k. Suppose 5*x = 3*x + s. Give v(x).
12
Let y(b) = 18300*b**2 - 36597*b**2 + 18296*b**2 - 24 + 3*b. Calculate y(5).
-34
Let p be (-24 - -26) + (-1366)/(2 - 0). Let b = p - -666. Let i(y) = y**2 + 16*y + 7. Give i(b).
-8
Let v(g) = 6*g**2 + 8*g - 16. Let t(x) = -2*x**2 - 4*x + 6. Let d(j) = -8*t(j) - 3*v(j). Let r be 3 + (-2 - -1 - -4). Give d(r).
-24
Let f be 10/(-1) - (-19 + 52 + -33). Let k(i) = i + 3*i - 3*i + 10 + 2*i. What is k(f)?
-20
Let k(i) = -6*i + 3. Let c(v) = 39 - 14*v - 24 + 2*v**2 + 37*v. Let q be c(-10). Let s(g) = -g**2 - 14*g + 17. Let u be s(q). Determine k(u).
-9
Let v(g) be the second derivative of -g**5/20 - g**4/6 + g**3/2 + g**2/2 - g. Suppose 406*m - 97*m + 927 = 0. Give v(m).
1
Suppose 0 = b, 4*b - 47 - 25 = 153*s - 149*s. Let x(j) = j**2 + 17*j + 22. What is x(s)?
40
Let a(t) = t**2 + 4*t - 37. Let h(m) = 6*m - 35. Let n(q) = 2*a(q) - 3*h(q). Let x(d) be the first derivative of n(d). Calculate x(4).
6
Let a(r) be the first derivative of r**3/3 - 15*r**2/2 + 57*r + 604. Determine a(8).
1
Let f = -55 + 54. Let c(q) = -5*q**3 + 3*q**2 - q. Let n(k) = k**3 - k**2. Let x(b) = c(b) + 3*n(b). What is x(f)?
3
Suppose 0 = -15*y + 11*y. Let w be y*1/(-6)*-2. Let x(o) be the second derivative of o**5/20 + o**4/12 - o**3/6 - 5*o**2/2 - 92*o. Give x(w).
-5
Let n(c) = 9 + 6 + 2 - 7*c. Let d be n(2). Let f(l) = -10*l + 7*l**3 - 7*l**d + l**3 - 7 + 7*l**2. Calculate f(-8).
9
Let t(j) = -j**3 + j**2 - 1. Let x(l) = l**3 - 2*l - 2. Let q be x(-1). Let u(h) = 5*h**3 - 13*h**2 - 6*h + 2. Let s(z) = q*u(z) - 6*t(z). Give s(-6).
4
Let l(i) be the first derivative of 8*i**3/3 - 3*i**2/2 - 2*i + 197. Suppose -4*j + 5*o - 13 = 0, 5*j - 4*o + 14 = -0*o. Calculate l(j).
36
Let z(j) be the third derivative of -j**5/60 + 7*j**4/24 + 5*j**3/3 - 5694*j**2 - 2. Determine z(9).
-8
Let o = -221 + 340. Let b(f) = -2*f**2 - 7*f + 40. Let p be b(-11). Let y = p + o. Let l(s) = -s**2 - 4*s + 2. Calculate l(y).
-10
Let m(k) be the second derivative of k**5/20 - 5*k**4/4 + k**3/2 - 25*k**2/2 + k + 3388. Determine m(15).
20
Let d(x) = -3*x**2 + 2. Let f(z) = z**3 + 21*z**2 - 49*z - 71. Let p be f(-23). Determine d(p).
-10
Let q(h) = -2*h**2 + 24*h - 35. Let r(s) = -s**2 + 12*s - 18. Let k(v) = 6*q(v) - 11*r(v). Let j be -1 - 5/((-65)/143). Give k(j).
8
Let m(y) = 4*y**3 - 11*y**2 - 3*y - 4. Let a be (-16)/(-5) - 8/(-80)*-2. Let r(n) = -n**3 - n**2 + n - 1. Let o(b) = a*r(b) + m(b). Give o(14).
-7
Let s(t) = 187 - t**2 - 70 + t - 5*t - 114. Let y(o) be the